mmon factor of 35 and l?
7
Let m(b) = 14*b**3 - b**2 + b + 1. Let q be m(2). Let j(o) = -203*o - o**2 + 1 + 103*o + q*o. Let c be j(10). Calculate the highest common factor of 22 and c.
11
Let m(h) = h**2 - 8*h - 882. Let b be m(34). What is the highest common divisor of 1738 and b?
2
Suppose 103*n - 342319 - 299577 = 0. What is the highest common factor of 152 and n?
152
Let a = -22853 + 26429. What is the greatest common divisor of a and 9?
3
Suppose -2*w - 3*q - 20 = 0, 0 = -16*w + 12*w - 4*q - 24. Calculate the greatest common factor of 11 and w.
1
Let h = 15 - 16. Let r(u) = 143*u**2 + 9*u + 4. Let v be r(h). Calculate the highest common factor of 184 and v.
46
Let q be 3*-8*(-3)/36. Suppose -q*c + 70 + 134 = 0. What is the highest common divisor of c and 6?
6
Let m = 226 + 14. Suppose 3*v = -3*v - m. Let i be -2*(-5 - v)/(-5). Calculate the highest common factor of i and 2.
2
Suppose 4*q - 472 = 5*k, 4*q + 282 = -3*k + 7*q. Let p be (-38912)/k - 10/(-6). What is the greatest common factor of 22 and p?
11
Let s(h) = h**3 - 2*h**2 + 7. Let r be s(4). Let p = r - 37. Let v be (-2)/((-5)/(-2) + -3). Calculate the greatest common divisor of p and v.
2
Let z = -6214 - -6216. What is the highest common factor of z and 4?
2
Suppose -15*b - 25 = -85. Suppose 5*d - 215 = -b*v, 4*v + 208 = 5*d - d. Suppose 19*r - 3467 = -d. What is the highest common divisor of r and 72?
36
Let g be ((-8)/(-16))/(2/(-80)). Let c = 50 + g. Let q be (0 - 50/(-15))*3. What is the highest common divisor of q and c?
10
Let d be (3 - 7)*(-3 + -6). Suppose 3*a + a + 20 = 0, -2*f - 3*a = -33. Calculate the greatest common factor of f and d.
12
Let v(g) = 22*g - 890. Let b be v(42). Let q be (-34)/(-5)*(-315)/(-7). What is the highest common divisor of q and b?
34
Let h(u) = 27*u**2 - 103*u - 17. Let o be h(-5). What is the highest common divisor of 153 and o?
51
Let b(l) = l**3 + 24*l**2 + 108*l + 10. Let p be b(-18). Let r = 192 - 22. Calculate the highest common factor of p and r.
10
Let l(r) = -r**2 - 36*r - 134. Let f be l(-32). Let z(c) = c**3 + 8*c**2 + 13*c + 41. Let x be z(f). What is the highest common factor of x and 10?
5
Let o(b) = b**3 - 150*b**2 - 609*b - 1001. Let z be o(154). Let w be ((-242)/6)/(3/(-63)). Calculate the greatest common divisor of w and z.
77
Let s = -13686 + 13845. Calculate the highest common divisor of s and 8851.
53
Suppose -22*m + 63 + 69 = 0. Let t be (-2392)/69*m/(-4). What is the highest common factor of t and 377?
13
Let u be ((-27)/36)/(3/(-668)) - -3. Calculate the greatest common factor of 5 and u.
5
Let z be (-4)/10 + 607/5. Suppose 127*t = 130*t + 4*b - 45, 5*t = -2*b + 61. What is the greatest common divisor of z and t?
11
Let w(a) be the first derivative of a**3 - 8*a - 7/2*a**2 + 1/4*a**4 + 35. Let m be w(-4). Calculate the greatest common factor of 6 and m.
2
Let q = 4 - -16. Suppose q = 3*z + 2*z. Suppose 3*t = -z*l - 0*t + 96, -4*t - 16 = 0. What is the greatest common divisor of 9 and l?
9
Suppose -5*x = -p - 340, 4*x = -x - 4*p + 315. Suppose 0 = -2*h, 2*a + x = 4*h - 33. Let g = 78 + a. What is the greatest common factor of 84 and g?
28
Suppose 0*q + 670 = 5*q. Suppose -45 - 175 = -2*a - 2*y, a - 5*y - q = 0. Calculate the greatest common factor of a and 171.
57
Let n be ((-4)/(-6))/(46/345). Suppose 0 = 5*g - n*q - 2175, 3*q = g - q - 444. What is the greatest common divisor of 16 and g?
16
Suppose -s + 5*j = -2, 2*s - 6*s + 5*j + 68 = 0. Suppose 2*g = -c + 32 + s, -2*c - 2*g + 110 = 0. What is the highest common factor of 28 and c?
28
Suppose 92*t = 10*t + 14006 - 1214. Calculate the highest common divisor of t and 144.
12
Let u(d) = 41*d**2 + d - 2. Let j be u(1). Suppose -9*b + 7*b + 20 = 0. Suppose -b = p - 40. What is the greatest common divisor of j and p?
10
Suppose 1151731 = 80*p + 411971. What is the highest common divisor of p and 7?
7
Let p be 12*((-6)/(-16))/(3/(-326)). Let g = -465 - p. Calculate the highest common divisor of g and 216.
24
Let u(w) = 2*w**3 - w**2 - 4. Let t be u(4). Suppose 0*o - t = -4*o. Suppose -68*d + 84*d - 3024 = 0. Calculate the highest common divisor of d and o.
27
Let r = -28516 - -28672. What is the highest common divisor of 1469 and r?
13
Let f be (64 + (-1)/1)*1. Let t(n) = -94*n + 1041. Let s be t(11). What is the greatest common divisor of f and s?
7
Let n(d) = 4*d + 24. Let k be n(-5). Suppose -k*h - h = -90. Let c = 0 + h. Calculate the highest common factor of c and 6.
6
Let u be 756/420 + (-9492)/(-35). Suppose -3*g - 34 = -g. Let p = 4 - g. Calculate the greatest common divisor of p and u.
21
Suppose 5*k = 15, -5*d - k + 73 = -10. What is the highest common factor of 2984 and d?
8
Let y be (-6 - -10)*(6 - 3). Calculate the greatest common factor of 33852 and y.
12
Suppose 20*j - 134 - 566 = 0. Suppose j*v = 49305 - 10350. What is the highest common divisor of 21 and v?
21
Let b(d) = -147*d**3 + 8*d**2 + 28*d + 53. Let p be b(-4). Calculate the greatest common divisor of p and 39.
39
Suppose -2*d + 6 = 0, 14*t - 97 = 13*t + 3*d. Calculate the highest common factor of t and 742.
106
Let a be (4/1)/((-1)/(-2)). Let u(k) = 3*k**2 - 103*k + 848. Let b be u(24). What is the greatest common factor of b and a?
8
Suppose 0 = 2*w - 3*f - 2, 5*w + f = 2*f + 18. Let d be 4 + ((-9)/((-9)/w) - -107). What is the highest common divisor of d and 46?
23
Suppose -5*t + 225 = -5*i, 0*i + t = 5*i + 237. Let g be i/198*-372 + (-4)/22. Suppose 219 - 79 = 7*x. What is the highest common divisor of g and x?
10
Suppose 0 = -2*z - 11*z + 6708. Suppose 7*i + z = 13*i. Calculate the highest common divisor of 215 and i.
43
Let l(p) = -8*p + 4. Let t be l(-1). Let v = -13 + 7. Let y(g) = g**3 + 7*g**2 + 5*g. Let k be y(v). What is the greatest common factor of k and t?
6
Let m = 25 + -13. Let j(l) = -6*l + 1. Let g(i) = 69*i + 638. Let r(y) = -g(y) + 2*j(y). Let x be r(-8). Calculate the highest common factor of m and x.
12
Let f(d) = 1 - 22*d**3 - 31924*d + 31924*d. Suppose 1 = -y - 0*y. Let z be f(y). Calculate the greatest common factor of 23 and z.
23
Let o be (1 + -13)*(-231)/28. Let f be -5 - 3*7/(84/(-8)). Let r be f + 9 + (3 - -1) + -1. What is the highest common factor of o and r?
9
Let d(r) = 15*r - 10. Let w be d(8). Let c be 88/8*2*-1. Let q(t) = 6*t + 154. Let b be q(c). What is the greatest common divisor of w and b?
22
Let r = 19259 - 14659. What is the highest common divisor of r and 100?
100
Suppose 0 = 5*o - 3*k + 770, -o + k = 2*o + 462. Let g = 322 + o. Calculate the greatest common divisor of g and 96.
24
Let c be (-2 - 0)*(-15)/6. Let n = -256 + 364. Suppose -7*j + n = -32. Calculate the greatest common factor of j and c.
5
Let q(y) be the third derivative of 2*y**5/15 - y**4/3 + 5*y**3/6 + y**2 - 1. Let g be q(6). Calculate the highest common divisor of 49 and g.
49
Suppose -257*r = -299*r + 2730. Let v = -36 + 62. What is the highest common factor of v and r?
13
Let i(y) = -10*y**2 + 22*y + 41*y**2 - 14*y**2 - 15*y**2 - 66. Let n be i(-24). What is the highest common divisor of n and 36?
18
Suppose 12*x + 69 = -2*x + 2589. Calculate the greatest common factor of x and 5085.
45
Suppose -2*j + 118 = 4*p - 82, 264 = 3*j - 3*p. Suppose -101*a + j*a = -1854. Calculate the highest common divisor of 2 and a.
2
Let i = 45 - 78. Let m = i - -23. Let g be (378/m)/((-14)/70). What is the greatest common factor of 21 and g?
21
Suppose 4*q - 8656 = 3*p + 6399, 3*q - 11295 = p. Calculate the highest common divisor of 70 and q.
14
Let d(w) = -95*w + 152*w + 460*w. Let n be d(1). Suppose y = n - 216. Calculate the highest common factor of 43 and y.
43
Suppose 0 = -4*s - 5*q + 2699, -1037 = -3*s + 4*q + 995. Suppose -3*a + 3*y = -85 - 71, -2*a = 4*y - 104. What is the greatest common factor of a and s?
52
Suppose -19*g - 28 = -503. Let i = 22 + -19. Suppose -4*n = i*t - n - 75, 5*t + n = 125. Calculate the highest common factor of g and t.
25
Let f be 38/1*1 - (7 - (-12 - -21)). What is the greatest common divisor of 10320 and f?
40
Suppose 5*q - 70 = -b, 30 = q + 4*b + 16. Suppose 5*k + c - 85 = -17, 2*k - 20 = 2*c. Let z = k + q. Calculate the highest common factor of 45 and z.
9
Let w(v) = -v + 1. Let p be w(-1). Let h = 6 - p. Let q be 8/20 - ((-79)/(-3))/(20/(-24)). Calculate the g